{"id":883,"date":"2025-01-27T12:35:13","date_gmt":"2025-01-27T12:35:13","guid":{"rendered":"https:\/\/violenceagainstwomeneu.com\/?post_type=miembro&#038;p=883"},"modified":"2025-01-27T12:45:12","modified_gmt":"2025-01-27T12:45:12","slug":"dr-jose-maria-porras-ramirez","status":"publish","type":"miembro","link":"https:\/\/violenceagainstwomeneu.com\/en\/investigador\/dr-jose-maria-porras-ramirez\/","title":{"rendered":"Dr. Jos\u00e9 Mar\u00eda Porras Ram\u00edrez"},"content":{"rendered":"<p>Catedr\u00e1tico de Derecho Constitucional de la Universidad de Granada<\/p>","protected":false},"author":1,"featured_media":886,"menu_order":0,"template":"","meta":{"footnotes":""},"class_list":["post-883","miembro","type-miembro","status-publish","has-post-thumbnail","hentry"],"_links":{"self":[{"href":"https:\/\/violenceagainstwomeneu.com\/en\/wp-json\/wp\/v2\/miembro\/883","targetHints":{"allow":["GET"]}}],"collection":[{"href":"https:\/\/violenceagainstwomeneu.com\/en\/wp-json\/wp\/v2\/miembro"}],"about":[{"href":"https:\/\/violenceagainstwomeneu.com\/en\/wp-json\/wp\/v2\/types\/miembro"}],"author":[{"embeddable":true,"href":"https:\/\/violenceagainstwomeneu.com\/en\/wp-json\/wp\/v2\/users\/1"}],"version-history":[{"count":1,"href":"https:\/\/violenceagainstwomeneu.com\/en\/wp-json\/wp\/v2\/miembro\/883\/revisions"}],"predecessor-version":[{"id":887,"href":"https:\/\/violenceagainstwomeneu.com\/en\/wp-json\/wp\/v2\/miembro\/883\/revisions\/887"}],"wp:featuredmedia":[{"embeddable":true,"href":"https:\/\/violenceagainstwomeneu.com\/en\/wp-json\/wp\/v2\/media\/886"}],"wp:attachment":[{"href":"https:\/\/violenceagainstwomeneu.com\/en\/wp-json\/wp\/v2\/media?parent=883"}],"curies":[{"name":"wp","href":"https:\/\/api.w.org\/{rel}","templated":true}]}}

Dr. José María Porras Ramírez

<p>Catedrático de Derecho Constitucional de la Universidad de Granada</p>
