{"id":1174,"date":"2025-01-30T12:40:24","date_gmt":"2025-01-30T12:40:24","guid":{"rendered":"https:\/\/violenceagainstwomeneu.com\/?post_type=publicacion&#038;p=1174"},"modified":"2025-03-11T15:25:18","modified_gmt":"2025-03-11T15:25:18","slug":"jose-maria-porras-ramirez-blindar-las-fronteras-de-la-union-europea-para-garantizar-la-libre-circulacion-el-refuerzo-del-enfoque-securitario-en-el-nuevo-pacto-sobre-migracion-y-asilo","status":"publish","type":"publicacion","link":"https:\/\/violenceagainstwomeneu.com\/en\/publicacion\/jose-maria-porras-ramirez-blindar-las-fronteras-de-la-union-europea-para-garantizar-la-libre-circulacion-el-refuerzo-del-enfoque-securitario-en-el-nuevo-pacto-sobre-migracion-y-asilo\/","title":{"rendered":"\u201cBlindar las fronteras de la Uni\u00f3n Europea para garantizar la libre circulaci\u00f3n. El refuerzo del enfoque securitario en el nuevo Pacto sobre Migraci\u00f3n y Asilo\u201d"},"content":{"rendered":"<p><a href=\"https:\/\/dialnet.unirioja.es\/servlet\/revista?codigo=1166\">Revista de estudios pol\u00edticos<\/a>,&nbsp;ISSN&nbsp;0048-7694,&nbsp;<a href=\"https:\/\/dialnet.unirioja.es\/ejemplar\/675053\">N\u00ba 205, 2024<\/a>,&nbsp;p\u00e1gs.&nbsp;57-90&nbsp;<\/p>","protected":false},"excerpt":{"rendered":"<p>Revista de estudios pol\u00edticos,&nbsp;ISSN&nbsp;0048-7694,&nbsp;N\u00ba 205, 2024,&nbsp;p\u00e1gs.&nbsp;57-90&nbsp;<\/p>","protected":false},"featured_media":0,"template":"","class_list":["post-1174","publicacion","type-publicacion","status-publish","hentry"],"_links":{"self":[{"href":"https:\/\/violenceagainstwomeneu.com\/en\/wp-json\/wp\/v2\/publicacion\/1174","targetHints":{"allow":["GET"]}}],"collection":[{"href":"https:\/\/violenceagainstwomeneu.com\/en\/wp-json\/wp\/v2\/publicacion"}],"about":[{"href":"https:\/\/violenceagainstwomeneu.com\/en\/wp-json\/wp\/v2\/types\/publicacion"}],"wp:attachment":[{"href":"https:\/\/violenceagainstwomeneu.com\/en\/wp-json\/wp\/v2\/media?parent=1174"}],"curies":[{"name":"wp","href":"https:\/\/api.w.org\/{rel}","templated":true}]}}

“Blindar las fronteras de la Unión Europea para garantizar la libre circulación. El refuerzo del enfoque securitario en el nuevo Pacto sobre Migración y Asilo”

<p><a href="https://dialnet.unirioja.es/servlet/revista?codigo=1166">Revista de estudios políticos</a>,&nbsp;ISSN&nbsp;0048-7694,&nbsp;<a href="https://dialnet.unirioja.es/ejemplar/675053">Nº 205, 2024</a>,&nbsp;págs.&nbsp;57-90&nbsp;</p>

<p>Revista de estudios políticos,&nbsp;ISSN&nbsp;0048-7694,&nbsp;Nº 205, 2024,&nbsp;págs.&nbsp;57-90&nbsp;</p>
